{"id":21,"date":"2022-10-12T10:13:10","date_gmt":"2022-10-12T10:13:10","guid":{"rendered":"https:\/\/paris-dj-entreprise.paris\/index.php\/mesmerize\/"},"modified":"2022-10-12T12:55:14","modified_gmt":"2022-10-12T12:55:14","slug":"mesmerize","status":"publish","type":"page","link":"https:\/\/paris-dj-entreprise.paris\/","title":{"rendered":"Front Page"},"content":{"rendered":"<div  id=\"qui-sommes-nous\" style=\"background-color: #ffffff;\" data-label=\"Qui sommes nous\" data-id=\"features-16-card-bordered\" data-export-id=\"features-16-card-bordered\" data-category=\"features\" class=\"features-16-card-bordered content-section content-section-spacing\"><div  class=\"gridContainer\"> <div  class=\"row text-center\"><div  class=\"section-title-col\" data-type=\"column\"> <h2  class=\"\">Besoin d\u2019animer une soir\u00e9e d\u2019entreprise \u00e0 Paris ?<\/h2> <p  class=\"lead\">Vous cherchez un DJ professionnel pour votre prochaine soir\u00e9e d\u2019entreprise \u00e0 Paris ? Ne cherchez plus ! Nous sommes l\u00e0 pour vous. Nous mettons \u00e0 votre disposition une large s\u00e9lection de DJs exp\u00e9riment\u00e9s et talentueux, pr\u00eats \u00e0 animer votre soir\u00e9e d\u2019entreprise. Que vous cherchiez un DJ pour jouer de la musique d\u2019ambiance ou pour animer une soir\u00e9e \u00e0 th\u00e8me, nous avons ce qu\u2019il vous faut. Notre \u00e9quipe de DJs professionnels est \u00e0 votre disposition pour toute demande d\u2019informations ou de devis. N\u2019h\u00e9sitez pas \u00e0 nous contacter, nous serons ravis de vous aider \u00e0 organiser votre prochaine soir\u00e9e d\u2019entreprise \u00e0 Paris !<\/p><\/div> <\/div> <div  class=\"row spaced-cols center-sm content-center-sm\" data-type=\"row\">    <div  class=\"col-xs-12 col-sm-6 col-md-4\"><div  class=\"card no-padding bordered y-move\">  <div  data-type=\"column\" class=\"col-padding-small col-padding-small-xs description-container\">  <\/div> <div  data-type=\"column\" class=\"col-padding-small col-padding-small-xs read-more-container\"><\/div> <\/div><\/div><\/div><\/div> <\/div><div  id=\"nos-prestations\" style=\"background-color: #f5fafd;\" data-label=\"Nos prestations\" data-id=\"content-2\" data-export-id=\"content-2\" data-category=\"content\" class=\"content-2 content-section content-section-spacing\"><div > <div  class=\"row middle-xs\"><div  class=\"col-sm-5 bg-image shadow-large-black\" data-bg=\"image\" style=\"background-image: url(&quot;https:\/\/paris-dj-entreprise.paris\/wp-content\/uploads\/2022\/10\/DSC_0068.jpg&quot;);\"><\/div> <div  class=\"col-sm-7 full-col-left-padding full-col-right-padding\"> <div  class=\"row\"> <div  data-type=\"column\" class=\"space-bottom-small content-title-col\">  <h2  class=\"\">Nos comp\u00e9tences au service de votre soir\u00e9e d\u2019entreprise \u00e0 Paris et en \u00cele-de-France<\/h2> <p  class=\"\">Notre entreprise est sp\u00e9cialis\u00e9e dans les services de dj professionnels pour soir\u00e9es d\u2019entreprise \u00e0 Paris. Nous mettons \u00e0 votre disposition notre expertise et notre savoir-faire afin que votre soir\u00e9e d\u2019entreprise soit un v\u00e9ritable succ\u00e8s.\n<br ><br >Nos prestations son et lumi\u00e8re pour votre soir\u00e9e d\u2019entreprise \u00e0 Paris sont uniques et personnalis\u00e9es. Nous travaillons en \u00e9troite collaboration avec vous afin de comprendre vos besoins et vos attentes. Ainsi, nous sommes en mesure de vous proposer un programme musical adapt\u00e9 \u00e0 votre th\u00e9matique et \u00e0 votre public.\n<br ><br >De plus, nos dj professionnels sauront mettre en lumi\u00e8re votre soir\u00e9e d\u2019entreprise gr\u00e2ce \u00e0 des effets lumineux spectaculaires. Votre soir\u00e9e sera ainsi m\u00e9morable et inoubliable !<br >Alors n\u2019h\u00e9sitez pas \u00e0 nous contacter pour plus d\u2019informations sur nos prestations son et lumi\u00e8re pour votre soir\u00e9e d\u2019entreprise \u00e0 Paris. Nous serons ravis de vous accompagner dans la r\u00e9ussite de votre \u00e9v\u00e9nement !<\/p><\/div> <\/div> <div  class=\"row spaced-cols \" data-type=\"row\">    <div  class=\"col-xs-6\" data-type=\"column\"> <\/div> <\/div><\/div> <\/div><\/div> <\/div><div  id=\"content-14\" style=\"background-color: #ffffff;\" data-label=\"Content\" data-id=\"content-3\" data-export-id=\"content-3\" data-category=\"content\" class=\"content-3 content-section content-section-spacing\"><div > <div  class=\"row middle-xs\"><div  class=\"col-sm-7 full-col-left-padding full-col-right-padding\"> <div  class=\"row\"><div  data-type=\"column\" class=\"space-bottom-small content-title-col\">  <h2  class=\"\">Pourquoi faire appel \u00e0 un Dj professionnel pour votre soir\u00e9e d\u2019entreprise ?<\/h2> <p  class=\"\">Les soir\u00e9es d\u2019entreprise sont des \u00e9v\u00e9nements importants qui permettent aux employ\u00e9s de se d\u00e9tendre et de se divertir. Elles peuvent aussi \u00eatre l\u2019occasion de renforcer les liens entre coll\u00e8gues et de cr\u00e9er une atmosph\u00e8re positive au sein de l\u2019entreprise. Pour que votre soir\u00e9e d\u2019entreprise soit un succ\u00e8s, il est important de bien l\u2019organiser et de faire appel \u00e0 des professionnels.<br >Faire appel \u00e0 un dj professionnel pour animer votre soir\u00e9e d\u2019entreprise \u00e0 Paris est un excellent moyen de garantir que tous vos invit\u00e9s passent un excellent moment. Les dj professionnels ont une vaste exp\u00e9rience de l\u2019animation de soir\u00e9es et sauront comment mettre tout le monde \u00e0 l\u2019aise et les faire danser toute la nuit. Ils connaissent \u00e9galement les derni\u00e8res tendances musicales et sauront quelles chansons jouer pour plaire \u00e0 tout le monde.<br >De plus, faire appel \u00e0 un dj professionnel vous permettra de b\u00e9n\u00e9ficier d\u2019un son et d\u2019une image de qualit\u00e9 sup\u00e9rieure. Les dj professionnels disposent en effet des meilleurs \u00e9quipements et sauront comment les utiliser pour offrir un son parfait \u00e0 tous vos invit\u00e9s. Ils sauront \u00e9galement comment g\u00e9rer l\u2019\u00e9clairage et les effets visuels afin de cr\u00e9er une atmosph\u00e8re unique et originale.<br >Enfin, faire appel \u00e0 un dj professionnel pour animer votre soir\u00e9e d\u2019entreprise \u00e0 Paris vous permettra de b\u00e9n\u00e9ficier d\u2019un service personnalis\u00e9. Les dj professionnels sauront en effet s\u2019adapter \u00e0 vos besoins et \u00e0 ceux de vos invit\u00e9s afin que tout se d\u00e9roule comme pr\u00e9vu. Ils pourront par exemple proposer des forfaits adapt\u00e9s \u00e0 votre budget ou encore mettre en place un programme musical personnalis\u00e9 en fonction de vos go\u00fbts musicaux.<\/p><\/div> <\/div> <div  class=\"row spaced-cols\" data-type=\"row\"> <div  class=\"col-xs-6\" data-type=\"column\">  <\/div>    <\/div><\/div> <div  class=\"col-sm-5 bg-image shadow-large-black revert-classes-holder\" data-bg=\"image\" style=\"background-image: url(&quot;https:\/\/paris-dj-entreprise.paris\/wp-content\/uploads\/2022\/10\/6_Diner-Soiree-HD-116.jpg&quot;);\"><\/div><\/div> <\/div><\/div><div  id=\"portfolio-3\" style=\"background-color: #f5fafd;\" data-label=\"Portfolio\" data-id=\"portfolio-4\" data-export-id=\"portfolio-4\" data-category=\"portfolio\" class=\"portfolio-4 content-section content-section-spacing-top\"><div  class=\"\"> <div  class=\"row text-center\"><div  class=\"section-title-col\" data-type=\"column\"> <h2  class=\"\">Nos derniers \u00e9v\u00e9nements \u00e0 Paris<\/h2> <\/div> <\/div> <div  data-type=\"row\" class=\"row\" data-fixed=\"true\"> <div  class=\"col-xs-12 col-sm-3 no-gutter-col\"> <div  class=\"contentswap-effect\" data-hover-fx=\"portfolio-4\"> <div  class=\"initial-image\"> <img  data-size=\"542x360\" src=\"https:\/\/paris-dj-entreprise.paris\/wp-content\/uploads\/2022\/10\/LamiaetCharly-411.jpg\"><\/div> <div  class=\"overlay bg-color1\"><\/div> <div  class=\"swap-inner col-xs-12\"> <div  class=\"row full-height-row middle-xs middle-sm\"> <div  class=\"col-xs-12 text-center content-holder\"> <a href=\"#\" target=\"_self\" rel=\"noopener noreferrer\"><i  class=\"fa icon portfolio-icon fa-search big\" aria-hidden=\"true\"><\/i><\/a><\/div> <\/div><\/div> <\/div><\/div> <div  class=\"col-xs-12 col-sm-3 no-gutter-col\"><div  class=\"contentswap-effect\" data-hover-fx=\"portfolio-4\"> <div  class=\"initial-image\"> <img  data-size=\"542x360\" src=\"https:\/\/paris-dj-entreprise.paris\/wp-content\/uploads\/2022\/10\/JocelyneetPhilippe-Raray-NatureFilmsPhotography3.jpg\"><\/div> <div  class=\"overlay bg-color1\"><\/div> <div  class=\"swap-inner col-xs-12\"> <div  class=\"row full-height-row middle-xs middle-sm\"> <div  class=\"col-xs-12 text-center content-holder\"> <a href=\"#\" target=\"_self\" rel=\"noopener noreferrer\"><i  class=\"fa icon portfolio-icon fa-search big\" aria-hidden=\"true\"><\/i><\/a><\/div> <\/div><\/div> <\/div><\/div> <div  class=\"col-xs-12 col-sm-3 no-gutter-col\"><div  class=\"contentswap-effect\" data-hover-fx=\"portfolio-4\"> <div  class=\"initial-image\"> <img  data-size=\"542x360\" src=\"https:\/\/paris-dj-entreprise.paris\/wp-content\/uploads\/2022\/10\/Mariage_CS-401.jpg\"><\/div> <div  class=\"overlay bg-color1\"><\/div> <div  class=\"swap-inner col-xs-12\"> <div  class=\"row full-height-row middle-xs middle-sm\"> <div  class=\"col-xs-12 text-center content-holder\"> <a href=\"#\" target=\"_self\" rel=\"noopener noreferrer\"><i  class=\"fa icon portfolio-icon fa-search big\" aria-hidden=\"true\"><\/i><\/a><\/div> <\/div><\/div> <\/div><\/div> <div  class=\"col-xs-12 col-sm-3 no-gutter-col\"><div  class=\"contentswap-effect\" data-hover-fx=\"portfolio-4\"> <div  class=\"initial-image\"> <img  data-size=\"542x360\" src=\"https:\/\/paris-dj-entreprise.paris\/wp-content\/uploads\/2022\/10\/DBC1F7B6-DBFC-4E57-AD6A-39CD5EE472D1.jpg\"><\/div> <div  class=\"overlay bg-color1\"><\/div> <div  class=\"swap-inner col-xs-12\"> <div  class=\"row full-height-row middle-xs middle-sm\"> <div  class=\"col-xs-12 text-center content-holder\"> <a href=\"#\" target=\"_self\" rel=\"noopener noreferrer\"><i  class=\"fa icon portfolio-icon fa-search big\" aria-hidden=\"true\"><\/i><\/a><\/div> <\/div><\/div> <\/div><\/div> <div  class=\"col-xs-12 col-sm-3 no-gutter-col\"><div  class=\"contentswap-effect\" data-hover-fx=\"portfolio-4\"> <div  class=\"initial-image\"> <img  data-size=\"542x360\" src=\"https:\/\/paris-dj-entreprise.paris\/wp-content\/uploads\/2022\/10\/DSC_0099.jpg\"><\/div> <div  class=\"overlay bg-color1\"><\/div> <div  class=\"swap-inner col-xs-12\"> <div  class=\"row full-height-row middle-xs middle-sm\"> <div  class=\"col-xs-12 text-center content-holder\"> <a href=\"#\" target=\"_self\" rel=\"noopener noreferrer\"><i  class=\"fa icon portfolio-icon fa-search big\" aria-hidden=\"true\"><\/i><\/a><\/div> <\/div><\/div> <\/div><\/div> <div  class=\"col-xs-12 col-sm-3 no-gutter-col\"><div  class=\"contentswap-effect\" data-hover-fx=\"portfolio-4\"> <div  class=\"initial-image\"> <img  data-size=\"542x360\" src=\"https:\/\/paris-dj-entreprise.paris\/wp-content\/uploads\/2022\/10\/6_Diner-Soiree-HD-133.jpg\"><\/div> <div  class=\"overlay bg-color1\"><\/div> <div  class=\"swap-inner col-xs-12\"> <div  class=\"row full-height-row middle-xs middle-sm\"> <div  class=\"col-xs-12 text-center content-holder\"> <a href=\"#\" target=\"_self\" rel=\"noopener noreferrer\"><i  class=\"fa icon portfolio-icon fa-search big\" aria-hidden=\"true\"><\/i><\/a><\/div> <\/div><\/div> <\/div><\/div> <div  class=\"col-xs-12 col-sm-3 no-gutter-col\"><div  class=\"contentswap-effect\" data-hover-fx=\"portfolio-4\"> <div  class=\"initial-image\"> <img  data-size=\"542x360\" src=\"https:\/\/paris-dj-entreprise.paris\/wp-content\/uploads\/2022\/10\/6_Diner-Soiree-HD-178.jpg\"><\/div> <div  class=\"overlay bg-color1\"><\/div> <div  class=\"swap-inner col-xs-12\"> <div  class=\"row full-height-row middle-xs middle-sm\"> <div  class=\"col-xs-12 text-center content-holder\"> <a href=\"#\" target=\"_self\" rel=\"noopener noreferrer\"><i  class=\"fa icon portfolio-icon fa-search big\" aria-hidden=\"true\"><\/i><\/a><\/div> <\/div><\/div> <\/div><\/div> <div  class=\"col-xs-12 col-sm-3 no-gutter-col\"><div  class=\"contentswap-effect\" data-hover-fx=\"portfolio-4\"> <div  class=\"initial-image\"> <img  data-size=\"542x360\" src=\"https:\/\/paris-dj-entreprise.paris\/wp-content\/uploads\/2022\/10\/TiffanyetFabien-405.jpg\"><\/div> <div  class=\"overlay bg-color1\"><\/div> <div  class=\"swap-inner col-xs-12\"> <div  class=\"row full-height-row middle-xs middle-sm\"> <div  class=\"col-xs-12 text-center content-holder\"> <a href=\"#\" target=\"_self\" rel=\"noopener noreferrer\"><i  class=\"fa icon portfolio-icon fa-search big\" aria-hidden=\"true\"><\/i><\/a><\/div> <\/div><\/div> <\/div><\/div> <\/div><\/div> <\/div><div  id=\"temoignages\" style=\"background-color: #ffffff;\" data-label=\"T\u00e9moignages\" data-id=\"testimonials-5\" data-export-id=\"testimonials-5\" data-category=\"testimonials\" class=\"testimonials-5 content-section content-section-spacing\"><div  class=\"gridContainer\"> <div  class=\"row\"><div  data-type=\"column\" class=\"section-title-col\"> <h2  class=\"\">T\u00e9moignages<\/h2> <\/div> <\/div> <div  class=\"row spaced-cols content-center-sm\" data-type=\"row\"> <div  class=\"col-xs-12 col-sm-6 col-md-4\"> <div  class=\"card y-move bordered\" data-type=\"column\"> <i  class=\"fa fa-quote-right icon color1 small quotation-icon\"><\/i> <p  class=\"text-center\">Excellente prestation pour notre mariage ,<br >Qualit\u00e9 sonore , luminaires,  qualit\u00e9 du mat\u00e9riels.<br >S\u2019adapte aux situations, groupe musiciens, artistes .<br >Si vous souhaitez ne pas avoir de surprise pendant votre \u00e9v\u00e9nement et bienc\u2019est DAMIEN qui vous faut.<\/p>  <h6  class=\"\">Alexis Mendoza ruiz<\/h6> <\/div> <\/div> <div  class=\"col-xs-12 col-sm-6 col-md-4\"> <div  class=\"card y-move bordered\" data-type=\"column\"> <i  class=\"fa fa-quote-right icon color1 small quotation-icon\"><\/i> <p  class=\"text-center\">J\u2019ai eu l\u2019occasion de travailler avec Damien et son \u00e9quipe, sur une prestation au mois d\u2019Aout.<br ><br >Dam\u2019s Event est s\u00e9rieux, disponible, toujours positif. Nous avons eu une tr\u00e8s bonne communication, ce qui est la cl\u00e9 pour un mariage r\u00e9ussi.<br ><br >Tr\u00e8s bonne continuation !<\/p>  <h6  class=\"\">Alice Delporte<\/h6> <\/div> <\/div> <div  class=\"col-xs-12 col-sm-6 col-md-4\"> <div  class=\"card y-move bordered\" data-type=\"column\"> <i  class=\"fa fa-quote-right icon color1 small quotation-icon\"><\/i> <p  class=\"text-center\">Excellente soir\u00e9e aux c\u00f4t\u00e9s de dams \u00e9vent pour le mariage d\u2019une copine.<br >C\u2019\u00e9tait formidable.<br >On n\u2019a pas quitt\u00e9 la piste de danse.<br >Tr\u00e8s pro, ce sont les meilleurs dj parisiens<\/p>  <h6  class=\"\">Constance Chevauchez<\/h6> <\/div> <\/div><\/div> <\/div><\/div><div  id=\"notre-equipe\" style=\"background-color: #ffffff;\" data-label=\"Notre \u00e9quipe\" data-id=\"team-2\" data-export-id=\"team-2\" data-category=\"team\" class=\"team-2 content-section content-section-spacing\"><div  class=\"gridContainer\"> <div  class=\"row text-center\"><div  class=\"section-title-col\" data-type=\"column\"> <h2  class=\"\">Notre \u00e9quipe bas\u00e9e \u00e0 Paris<\/h2> <\/div> <\/div> <div  class=\"row spaced-cols content-center-sm\" data-type=\"row\"> <div  class=\"col-sm-6 col-md-3\"> <div  class=\"card y-move no-padding bordered\"> <img  class=\"face\" src=\"https:\/\/paris-dj-entreprise.paris\/wp-content\/uploads\/2022\/10\/damien.jpg\" title=\"\" alt=\"Dj entreprise paris\"> <div  data-type=\"column\" class=\"col-padding-small col-padding-small-xs description-container\"> <h4  class=\"font-500\">Damien<\/h4> <p  class=\"small\" style=\"font-style: italic;\">DJ Animateur<\/p> <div  class=\"social-icons-group\" data-type=\"group\"> <a href=\"#\" target=\"_self\" data-reiki-hidden=\"true\" rel=\"noopener noreferrer\"><i  class=\"gray fa icon fa-facebook-square\"><\/i><\/a> <a href=\"#\" target=\"_self\" data-reiki-hidden=\"true\" rel=\"noopener noreferrer\"><i  class=\"gray fa icon fa-twitter-square\"><\/i><\/a> <a href=\"#\" target=\"_self\" data-reiki-hidden=\"true\" rel=\"noopener noreferrer\"><i  class=\"gray fa icon fa-linkedin-square\"><\/i><\/a> <a href=\"#\" target=\"_self\" data-reiki-hidden=\"true\" rel=\"noopener noreferrer\"><i  class=\"gray fa icon fa-google-plus-square\"><\/i><\/a><\/div> <\/div><\/div> <\/div> <div  class=\"col-sm-6 col-md-3\"> <div  class=\"card y-move no-padding bordered\"> <img  class=\"face\" src=\"https:\/\/paris-dj-entreprise.paris\/wp-content\/uploads\/2022\/10\/Bakary.jpg\" title=\"\" alt=\"Dj entreprise paris\"> <div  data-type=\"column\" class=\"col-padding-small col-padding-small-xs description-container\"> <h4  class=\"font-500\">Bakary<\/h4> <p  class=\"small\" style=\"font-style: italic;\">DJ Animateur<\/p> <div  class=\"social-icons-group\" data-type=\"group\"> <a href=\"#\" target=\"_self\" data-reiki-hidden=\"true\" rel=\"noopener noreferrer\"><i  class=\"gray fa icon fa-facebook-square\"><\/i><\/a> <a href=\"#\" target=\"_self\" data-reiki-hidden=\"true\" rel=\"noopener noreferrer\"><i  class=\"gray fa icon fa-twitter-square\"><\/i><\/a> <a href=\"#\" target=\"_self\" data-reiki-hidden=\"true\" rel=\"noopener noreferrer\"><i  class=\"gray fa icon fa-linkedin-square\"><\/i><\/a> <a href=\"#\" target=\"_self\" data-reiki-hidden=\"true\" rel=\"noopener noreferrer\"><i  class=\"gray fa icon fa-google-plus-square\"><\/i><\/a><\/div> <\/div><\/div> <\/div> <div  class=\"col-sm-6 col-md-3\"> <div  class=\"card y-move no-padding bordered\"> <img  class=\"face\" src=\"https:\/\/paris-dj-entreprise.paris\/wp-content\/uploads\/2022\/10\/Sylvain.jpg\" title=\"\" alt=\"Dj entreprise paris\"> <div  data-type=\"column\" class=\"col-padding-small col-padding-small-xs description-container\"> <h4  class=\"font-500\">Sylvain<\/h4> <p  class=\"small\" style=\"font-style: italic;\">DJ Animateur<\/p> <div  class=\"social-icons-group\" data-type=\"group\"> <a href=\"#\" target=\"_self\" data-reiki-hidden=\"true\" rel=\"noopener noreferrer\"><i  class=\"gray fa icon fa-facebook-square\"><\/i><\/a> <a href=\"#\" target=\"_self\" data-reiki-hidden=\"true\" rel=\"noopener noreferrer\"><i  class=\"gray fa icon fa-twitter-square\"><\/i><\/a> <a href=\"#\" target=\"_self\" data-reiki-hidden=\"true\" rel=\"noopener noreferrer\"><i  class=\"gray fa icon fa-linkedin-square\"><\/i><\/a> <a href=\"#\" target=\"_self\" data-reiki-hidden=\"true\" rel=\"noopener noreferrer\"><i  class=\"gray fa icon fa-google-plus-square\"><\/i><\/a><\/div> <\/div><\/div> <\/div> <div  class=\"col-sm-6 col-md-3\"> <div  class=\"card y-move no-padding bordered\"> <img  class=\"face\" src=\"https:\/\/paris-dj-entreprise.paris\/wp-content\/uploads\/2022\/10\/Noemie.jpg\" title=\"\" alt=\"Dj entreprise paris\"> <div  data-type=\"column\" class=\"col-padding-small col-padding-small-xs description-container\"> <h4  class=\"font-500\">No\u00e9mie<\/h4> <p  class=\"small\" style=\"font-style: italic;\">Photographe<\/p> <div  class=\"social-icons-group\" data-type=\"group\"> <a href=\"#\" target=\"_self\" data-reiki-hidden=\"true\" rel=\"noopener noreferrer\"><i  class=\"gray fa icon fa-facebook-square\"><\/i><\/a> <a href=\"#\" target=\"_self\" data-reiki-hidden=\"true\" rel=\"noopener noreferrer\"><i  class=\"gray fa icon fa-twitter-square\"><\/i><\/a> <a href=\"#\" target=\"_self\" data-reiki-hidden=\"true\" rel=\"noopener noreferrer\"><i  class=\"gray fa icon fa-linkedin-square\"><\/i><\/a> <a href=\"#\" target=\"_self\" data-reiki-hidden=\"true\" rel=\"noopener noreferrer\"><i  class=\"gray fa icon fa-google-plus-square\"><\/i><\/a><\/div> <\/div><\/div> <\/div>    <\/div> <\/div><\/div><div  id=\"contact-1\" data-label=\"Contact\" data-id=\"contact-1\" data-export-id=\"contact-1\" data-category=\"contact\" class=\"contact-1 content-section content-section-spacing white-text\" data-parallax-depth=\"20\" style=\"background-image: url(&quot;https:\/\/paris-dj-entreprise.paris\/wp-content\/uploads\/2022\/10\/Alexia-Alexandre-299.jpg&quot;); background-size: cover; background-position: center top;\"><div  class=\"gridContainer\"> <div  class=\"row text-center\"><div  class=\"section-title-col\" data-type=\"column\"> <h2  class=\"\">Nous contacter<\/h2> <p  class=\"lead\">N\u2019h\u00e9sitez pas \u00e0 nous contacter pour obtenir un devis gratuit.<\/p><\/div> <\/div> <div  class=\"row text-center\"> <div  class=\"col-xs-12 col-sm-8 col-sm-offset-2 contact-form-wrapper inline-info\"> <div  class=\"card large-padding\"> <div  class=\"\" data-content-shortcode=\"mesmerize_contact_form shortcode=&quot;contact-form-7 id=&amp;amp;quot;4&amp;amp;quot; title=&amp;amp;quot;Contact form 1&amp;amp;quot;&quot;\" data-editable=\"true\"><div role=\"form\" class=\"wpcf7\" id=\"wpcf7-f4-o1\" lang=\"fr-FR\" dir=\"ltr\">\n<div class=\"screen-reader-response\"><\/div>\n<form action=\"\/index.php\/wp-json\/wp\/v2\/pages\/21#wpcf7-f4-o1\" method=\"post\" class=\"wpcf7-form\" novalidate=\"novalidate\">\n<div style=\"display: none;\">\n<input type=\"hidden\" name=\"_wpcf7\" value=\"4\" \/>\n<input type=\"hidden\" name=\"_wpcf7_version\" value=\"5.1.6\" \/>\n<input type=\"hidden\" name=\"_wpcf7_locale\" value=\"fr_FR\" \/>\n<input type=\"hidden\" name=\"_wpcf7_unit_tag\" value=\"wpcf7-f4-o1\" \/>\n<input type=\"hidden\" name=\"_wpcf7_container_post\" value=\"0\" \/>\n<\/div>\n<p><label> Votre nom (Requis)<br \/>\n    <span class=\"wpcf7-form-control-wrap your-name\"><input type=\"text\" name=\"your-name\" value=\"\" size=\"40\" class=\"wpcf7-form-control wpcf7-text wpcf7-validates-as-required\" aria-required=\"true\" aria-invalid=\"false\" \/><\/span> <\/label><\/p>\n<p><label> Votre Email (Requis)<br \/>\n    <span class=\"wpcf7-form-control-wrap your-email\"><input type=\"email\" name=\"your-email\" value=\"\" size=\"40\" class=\"wpcf7-form-control wpcf7-text wpcf7-email wpcf7-validates-as-required wpcf7-validates-as-email\" aria-required=\"true\" aria-invalid=\"false\" \/><\/span> <\/label><\/p>\n<p><label> Num\u00e9ro de t\u00e9l\u00e9phone<br \/>\n    <span class=\"wpcf7-form-control-wrap your-phone\"><input type=\"tel\" name=\"your-phone\" value=\"\" size=\"40\" class=\"wpcf7-form-control wpcf7-text wpcf7-tel wpcf7-validates-as-required wpcf7-validates-as-tel\" aria-required=\"true\" aria-invalid=\"false\" \/><\/span> <\/label><\/p>\n<p><label> Votre Message (Requis)<br \/>\n    <span class=\"wpcf7-form-control-wrap your-message\"><textarea name=\"your-message\" cols=\"40\" rows=\"10\" class=\"wpcf7-form-control wpcf7-textarea wpcf7-validates-as-required\" aria-required=\"true\" aria-invalid=\"false\"><\/textarea><\/span> <\/label><\/p>\n<p><input type=\"submit\" value=\"Send\" class=\"wpcf7-form-control wpcf7-submit\" \/><\/p>\n<div class=\"wpcf7-response-output wpcf7-display-none\"><\/div><\/form><\/div><\/div><\/div> <\/div><\/div> <\/div><\/div>","protected":false},"excerpt":{"rendered":"<p>Besoin d\u2019animer une soir\u00e9e d\u2019entreprise \u00e0 Paris ? Vous cherchez un DJ professionnel pour votre prochaine soir\u00e9e d\u2019entreprise \u00e0 Paris ? Ne cherchez plus ! Nous sommes l\u00e0 pour vous. Nous mettons \u00e0 votre disposition une large s\u00e9lection de DJs exp\u00e9riment\u00e9s et talentueux, pr\u00eats \u00e0 animer votre soir\u00e9e d\u2019entreprise. Que vous cherchiez un DJ pour&hellip; <br \/> <a class=\"read-more\" href=\"https:\/\/paris-dj-entreprise.paris\/\">Lire la suite<\/a><\/p>\n","protected":false},"author":1,"featured_media":0,"parent":0,"menu_order":0,"comment_status":"closed","ping_status":"closed","template":"page-templates\/homepage.php","meta":[],"_links":{"self":[{"href":"https:\/\/paris-dj-entreprise.paris\/index.php\/wp-json\/wp\/v2\/pages\/21"}],"collection":[{"href":"https:\/\/paris-dj-entreprise.paris\/index.php\/wp-json\/wp\/v2\/pages"}],"about":[{"href":"https:\/\/paris-dj-entreprise.paris\/index.php\/wp-json\/wp\/v2\/types\/page"}],"author":[{"embeddable":true,"href":"https:\/\/paris-dj-entreprise.paris\/index.php\/wp-json\/wp\/v2\/users\/1"}],"replies":[{"embeddable":true,"href":"https:\/\/paris-dj-entreprise.paris\/index.php\/wp-json\/wp\/v2\/comments?post=21"}],"version-history":[{"count":27,"href":"https:\/\/paris-dj-entreprise.paris\/index.php\/wp-json\/wp\/v2\/pages\/21\/revisions"}],"predecessor-version":[{"id":111,"href":"https:\/\/paris-dj-entreprise.paris\/index.php\/wp-json\/wp\/v2\/pages\/21\/revisions\/111"}],"wp:attachment":[{"href":"https:\/\/paris-dj-entreprise.paris\/index.php\/wp-json\/wp\/v2\/media?parent=21"}],"curies":[{"name":"wp","href":"https:\/\/api.w.org\/{rel}","templated":true}]}}